 prime number?
False
Is 181745353 a prime number?
True
Is 1094791 prime?
True
Is 34148249 a composite number?
True
Is 733603 composite?
True
Is 238051183 prime?
True
Is 101176667 a prime number?
True
Is 3775741 a composite number?
True
Is 188048563 composite?
True
Is 12493417 prime?
False
Is 477231263 a prime number?
False
Is 4614839 a prime number?
True
Is 155845499 a prime number?
True
Is 4103693 prime?
False
Is 79704001 a prime number?
False
Is 1903763 a composite number?
True
Is 869546341 a composite number?
False
Is 7127839 a prime number?
False
Is 1813211 composite?
False
Is 3093329 a prime number?
False
Is 227825539 a composite number?
True
Is 1725071 a prime number?
True
Is 4049921 composite?
False
Is 9384121 composite?
True
Is 92080535 a prime number?
False
Is 5074105 prime?
False
Is 5950409 prime?
False
Is 9602767 a prime number?
True
Is 22963282 a composite number?
True
Is 36755273 a prime number?
True
Is 14757653 prime?
True
Is 598022041 a composite number?
False
Is 5593751 composite?
False
Is 1618447193 a prime number?
False
Is 12569819 a composite number?
True
Is 60503 composite?
True
Is 1248917 a composite number?
False
Is 26954599 a composite number?
True
Is 1209023 prime?
False
Is 27617791 composite?
True
Is 67749493 prime?
False
Is 932185 composite?
True
Is 87775057 a composite number?
False
Is 49399 a composite number?
True
Is 171974207 a composite number?
False
Is 9099319 a prime number?
False
Is 16805773 a composite number?
True
Is 1245953 prime?
True
Is 10394551 prime?
False
Is 18840149 a composite number?
True
Is 59820422 composite?
True
Is 1013819 a composite number?
False
Is 515401 prime?
True
Is 8372471 a prime number?
False
Is 718883 a prime number?
False
Is 32497043 a composite number?
False
Is 165762547 prime?
True
Is 21093115 a prime number?
False
Is 149562883 a prime number?
False
Is 38057413 prime?
False
Is 61709569 composite?
False
Is 365042059 a composite number?
True
Is 1473145 composite?
True
Is 186540983 prime?
False
Is 22779781 composite?
False
Is 300591839 prime?
True
Is 3253381 composite?
True
Is 660979 composite?
True
Is 107767727 a composite number?
False
Is 330246881 composite?
True
Is 5802073 prime?
True
Is 80194103 a composite number?
True
Is 172070377 a prime number?
True
Is 5325877 prime?
False
Is 11548021 composite?
False
Is 70012259 prime?
True
Is 1589197 composite?
True
Is 71384593 composite?
True
Is 13806047 composite?
False
Is 2207899 composite?
True
Is 3900397 a composite number?
False
Is 11885093 a composite number?
True
Is 113311 a composite number?
True
Is 386339719 a composite number?
True
Is 12772469 composite?
True
Is 105379761 a prime number?
False
Is 1033559 a composite number?
False
Is 1531051 prime?
True
Is 1152071 a composite number?
False
Is 7943011 composite?
True
Is 85978357 a composite number?
False
Is 44711 a prime number?
True
Is 295924147 a composite number?
True
Is 33759877 composite?
False
Is 2041051 a composite number?
False
Is 3162253 composite?
False
Is 28806233 composite?
False
Is 1459153 composite?
False
Is 1232023 composite?
True
Is 8960779 prime?
False
Is 4542081 composite?
True
Is 18717931 a composite number?
False
Is 952397 a prime number?
True
Is 118758239 prime?
True
Is 2725285 a prime number?
False
Is 6703251 prime?
False
Is 2847323 prime?
True
Is 1143295501 a prime number?
True
Is 3022907 a composite number?
False
Is 656771 a prime number?
True
Is 3000919 a prime number?
True
Is 15758953 prime?
False
Is 356195909 composite?
False
Is 52953833 a composite number?
False
Is 416736703 a composite number?
False
Is 1010209 a prime number?
False
Is 60287099 a prime number?
True
Is 50705719 prime?
False
Is 57626594 a composite number?
True
Is 18098201 composite?
True
Is 257727427 a prime number?
False
Is 218678303 prime?
True
Is 4447627 a composite number?
False
Is 3608713 a prime number?
True
Is 5881873 composite?
False
Is 101998469 prime?
True
Is 3120011 a composite number?
False
Is 7515247 composite?
False
Is 1303177 prime?
False
Is 1127351 prime?
True
Is 13085843 a composite number?
False
Is 31504141 a prime number?
False
Is 7125649 prime?
True
Is 17003333 composite?
False
Is 277853683 prime?
False
Is 49005133 a prime number?
True
Is 56571013 prime?
True
Is 5976019 a prime number?
False
Is 10487273 prime?
True
Is 3118893 prime?
False
Is 94106473 a prime number?
False
Is 103970719 a prime number?
True
Is 3336947 a prime number?
False
Is 89193613 a composite number?
True
Is 135247373 composite?
False
Is 29187877 a composite number?
True
Is 1489153 a composite number?
False
Is 51059131 a prime number?
False
Is 13769593 a composite number?
True
Is 267620029 a composite number?
False
Is 482957 prime?
True
Is 45349331 composite?
False
Is 188395477 composite?
False
Is 599199971 composite?
False
Is 5892911 prime?
False
Is 20247781 a composite number?
False
Is 4225679 prime?
True
Is 3421354 composite?
True
Is 223372567 a prime number?
False
Is 19308859 a composite number?
False
Is 94883 a prime number?
False
Is 14108587 a composite number?
True
Is 183823 a composite number?
False
Is 1636139 a composite number?
False
Is 179381447 prime?
False
Is 22207991 prime?
False
Is 1323529 composite?
False
Is 13961931 a composite number?
True
Is 294095831 a prime number?
False
Is 54267617 prime?
False
Is 148913 a prime number?
True
Is 1338499921 a composite number?
True
Is 496311 composite?
True
Is 80997421 a prime number?
False
Is 401297243 composite?
False
Is 2202623 composite?
True
Is 8034119 composite?
True
Is 165250157 a composite number?
True
Is 104164499 prime?
False
Is 29247499 composite?
False
Is 13599023 a prime number?
True
Is 30275207 prime?
False
Is 10592923 a prime number?
False
Is 9156009 prime?
False
Is 12107483 a composite number?
False
Is 6594751 composite?
False
Is 115846271 prime?
False
Is 64889597 a composite number?
False
Is 568258567 a composite number?
True
Is 98542021 prime?
False
Is 2206283 a prime number?
True
Is 510179 a composite number?
False
Is 44967651 a prime number?
False
Is 731758441 a prime number?
False
Is 18010001 a composite number?
False
Is 33612883 prime?
False
Is 10586011 composite?
False
Is 59837597 prime?
True
Is 70932011 prime?
True
Is 19552597 composite?
False
Is 143083901 a prime number?
True
Is 20221379 a prime number?
True
Is 35883347 composite?
False
Is 1504807 a composite number?
True
Is 21614051 a composite number?
True
Is 617907571 prime?
True
Is 217966289 a prime number?
False
Is 3630369 a prime number?
False
Is 319607539 composite?
True
Is 74735821 composite?
False
Is 41375951 prime?
False
Is 28318603 a prime number?
True
Is 37824581 prime?
False
Is 43423499 prime?
False
Is 101613527 a prime number?
True
Is 11688959 composite?
False
Is 205327409 a composite number?
True
Is 66999013 a composite number?
True
Is 408825631 composite?
False
Is 600401 a prime number?
True
Is 89995261 a composite number?
True
Is 3574023173 prime?
False
Is 5912239 prime?
True
Is 31031879 composite?
False
Is 8487739 prime?
False
Is 2495905 a prime number?
False
Is 27872997 prime?
False
Is 83887031 a composite number?
False
Is 92917 composite?
True
Is 71919857 composite?
False
Is 495869873 a prime number?
False
Is 45654899 a prime number?
True
Is 2683753 composite?
False
Is 282755567 a prime number?
False
Is 52068754 composite?
True
Is 4328227 a composite number?
False
Is 17556793 composite?
False
Is 50186197 a composite number?
False
Is 347141551 prime?
False
Is 357881957 a composite number?
False
Is 1330649 composite?
False
Is 3710963 a prime number?
True
Is 30724399 a composite number?
False
Is 2659749 a composite number?
True
Is 67401289 a composite number?
False
Is 111693209 a prime number?
True
Is 44005751 composite?
True
Is 46759949 a composite number?
True
Is 7173901 a prime number?
False
Is 29534663 composite?
True
Is 1185179 composite?
False
Is 3593399 a composite number?
False
Is 817938791 a prime number?
False
Is 3544463 a composite number?
True
Is 17947745 a composite number?
True
Is 12960679 a composite number?
True
Is 22060399 composite?
True
Is 4406881 a composite number?
False
Is 19144813 composite?
True
Is 2170453 a prime number?
True
Is 469000261 composite?
False
Is 5624621 a composite number?
False
Is 35830077 prime?
False
Is 1220321